r of 6795 and 122642955?
6795
Calculate the highest common factor of 85304457 and 1827.
1827
What is the highest common divisor of 1294878 and 16224?
1014
What is the highest common factor of 219555713 and 52?
13
Calculate the highest common factor of 16 and 146421848.
8
Calculate the greatest common divisor of 2616 and 512097042.
654
What is the highest common factor of 3420 and 15351012?
684
Calculate the greatest common factor of 20116704 and 8.
8
What is the greatest common divisor of 723664 and 620?
124
Calculate the highest common factor of 10236 and 483.
3
Calculate the greatest common divisor of 11008 and 62930156.
172
What is the greatest common divisor of 65130702 and 273?
273
What is the highest common factor of 944622 and 44541?
441
Calculate the highest common divisor of 92 and 280250676.
92
What is the highest common factor of 38528 and 111158096?
4816
What is the greatest common divisor of 147944860 and 20650?
4130
What is the greatest common factor of 20 and 37238100?
20
What is the greatest common divisor of 23828 and 21784?
28
What is the highest common factor of 11599 and 134974?
7
What is the highest common divisor of 56 and 28183624?
56
What is the greatest common factor of 28856667 and 816?
51
What is the greatest common divisor of 13072224 and 891?
33
What is the highest common divisor of 3339 and 5250?
21
What is the greatest common divisor of 19425348 and 9?
9
Calculate the highest common divisor of 84981 and 1902.
3
Calculate the highest common factor of 213759 and 864374.
203
Calculate the highest common factor of 520 and 2113460.
20
Calculate the highest common divisor of 150346248 and 936.
312
What is the highest common factor of 710823 and 1087809?
2271
Calculate the greatest common factor of 369907695 and 180.
45
What is the highest common factor of 829330 and 27660?
10
What is the highest common factor of 1430163 and 548343?
621
Calculate the highest common divisor of 4983 and 40084913.
1661
Calculate the greatest common factor of 1708974 and 3896082.
4734
Calculate the highest common divisor of 192338165 and 6340.
1585
What is the greatest common factor of 55167 and 922929?
1491
What is the highest common factor of 129528477 and 90144?
2817
What is the highest common divisor of 1870 and 4656725?
85
What is the highest common divisor of 4978400 and 10080?
1120
Calculate the highest common divisor of 75050811 and 87.
87
What is the greatest common factor of 5659800 and 48?
24
What is the greatest common divisor of 7833 and 3759?
21
What is the highest common divisor of 240214 and 8164?
26
Calculate the highest common divisor of 563693 and 257153.
1703
Calculate the highest common divisor of 2912 and 5351944.
104
Calculate the highest common divisor of 17014536 and 77112.
4536
Calculate the greatest common factor of 262912 and 425984.
3328
What is the highest common factor of 3519556 and 1740?
116
Calculate the greatest common divisor of 473 and 1704133.
43
Calculate the highest common divisor of 2 and 475273.
1
Calculate the highest common divisor of 86565 and 13519365.
435
Calculate the highest common factor of 21 and 25214035.
7
What is the greatest common factor of 438610 and 16468?
46
What is the highest common factor of 1639344 and 89913?
2091
What is the greatest common factor of 15725 and 800275?
425
What is the greatest common factor of 119790925 and 5210?
2605
What is the highest common factor of 348 and 508801578?
174
Calculate the highest common factor of 4048759 and 530561.
1231
What is the highest common divisor of 19231527 and 5194?
371
What is the greatest common divisor of 713069 and 406?
7
Calculate the highest common divisor of 7773855 and 10.
5
What is the greatest common divisor of 57164081 and 51714?
2873
Calculate the highest common divisor of 122402 and 30968.
98
Calculate the highest common factor of 228735 and 458505.
1035
What is the greatest common divisor of 613416 and 29463?
183
Calculate the highest common factor of 62566186 and 185.
37
What is the highest common divisor of 2407545 and 135?
45
What is the highest common divisor of 3424930 and 782?
46
Calculate the greatest common divisor of 70 and 10023190.
10
What is the greatest common divisor of 23942865 and 29355?
1545
Calculate the highest common divisor of 3276494 and 35971.
13
Calculate the highest common factor of 88249 and 3169760.
1801
Calculate the greatest common divisor of 8537909 and 27623.
1201
Calculate the greatest common divisor of 23456 and 5620644.
2932
Calculate the greatest common factor of 3739679 and 183163.
1213
What is the highest common divisor of 143260 and 1568610?
290
What is the greatest common factor of 433077 and 1205?
241
Calculate the highest common divisor of 1242 and 170782314.
138
Calculate the greatest common factor of 582091 and 64517342.
13537
What is the highest common divisor of 7122982 and 48249?
1787
Calculate the highest common factor of 412120184 and 2793.
931
Calculate the highest common factor of 1978 and 860338.
46
What is the greatest common factor of 22356 and 4581036?
972
Calculate the highest common factor of 3088 and 260082168.
1544
Calculate the highest common factor of 172 and 270188.
4
What is the highest common divisor of 688 and 2528572?
172
Calculate the highest common divisor of 678 and 16968984.
678
Calculate the greatest common factor of 84321 and 108264.
1041
Calculate the greatest common factor of 155 and 941922445.
155
Calculate the greatest common divisor of 423675 and 26922.
21
Calculate the highest common factor of 3803910 and 8965.
55
What is the greatest common divisor of 5586 and 1675506?
294
Calculate the greatest common divisor of 7893 and 308709.
9
What is the highest common divisor of 708250 and 250?
250
What is the greatest common factor of 150 and 687126?
6
What is the highest common divisor of 71669 and 1102933?
481
What is the greatest common divisor of 22116082 and 1054?
1054
What is the greatest common divisor of 63 and 40374348?
21
Calculate the greatest common divisor of 210 and 7806666.
42
Calculate the greatest common factor of 956 and 188071012.
956
What is the highest common divisor of 2876 and 53966702?
1438
What is the greatest common factor of 6688 and 7382336?
608
What is the highest common factor of 3135328 and 214592?
224
Calculate the highest common factor of 103248 and 412668.
108
What is the greatest common factor of 5867617008 and 2046?
2046
What is the highest common divisor of 126579788 and 1492?
1492
What is the highest common factor of 279 and 8653929?
93
What is the highest common factor of 176 and 75870300?
44
What is the greatest common factor of 212 and 7049583?
53
What is the greatest common factor of 326688 and 3144?
24
What is the highest common divisor of 35 and 3169747?
7
Calculate the highest common divisor of 30056854 and 1558.
82
What is the greatest common factor of 23865 and 1350870?
555
What is the greatest common factor of 58143118 and 2266?
22
What is the greatest common factor of 29704 and 17670167?
3713
Calculate the highest common factor of 2206624 and 98.
14
Calculate the highest common factor of 275 and 4793437.
11
What is the greatest common factor of 235388195 and 35?
35
Calculate the highest common divisor of 56291 and 2124759.
181
What is the highest common divisor of 120330 and 159684595?
6685
What is the greatest common factor of 284 and 7623767?
71
Calculate the greatest common divisor of 49 and 107539.
1
Calculate the highest common factor of 5942437 and 30343.
1597
What is the greatest common divisor of 206 and 55666144?
206
What is the highest common divisor of 4835409 and 183?
183
Calculate the highest common factor of 135578256 and 1671.
1671
What is the highest common divisor of 383109499 and 281?
281
What is the greatest common divisor of 7 and 87406753?
7
Calculate the greatest common factor of 306 and 4642666.
34
Calculate the greatest common factor of 91984210 and 13890.
4630
Calculate the highest common factor of 682128931 and 82.
41
Calculate the greatest common factor of 1064712 and 549142.
2398
Calculate the greatest common factor of 413114325 and 585.
195
What is the highest common factor of 1630 and 6257210?
10
Calculate the highest common divisor of 1377 and 34708050.
153
What is th